1?
0
What is the units digit of 5795679818?
8
What is the tens digit of 228640151?
5
What is the millions digit of 151640176?
1
What is the thousands digit of 392708756?
8
What is the tens digit of 34564063?
6
What is the millions digit of 17092455?
7
What is the tens digit of 38477334?
3
What is the units digit of 25985207?
7
What is the hundred thousands digit of 299320397?
3
What is the ten thousands digit of 50743117?
4
What is the tens digit of 1003019019?
1
What is the tens digit of 2045085642?
4
What is the units digit of 206862437?
7
What is the hundred thousands digit of 1929721317?
7
What is the hundred millions digit of 1818694642?
8
What is the ten millions digit of 450097787?
5
What is the ten millions digit of 83964552?
8
What is the thousands digit of 1005338061?
8
What is the hundreds digit of 17843292?
2
What is the thousands digit of 138980069?
0
What is the tens digit of 1699836207?
0
What is the ten millions digit of 2101072631?
0
What is the millions digit of 148533502?
8
What is the ten thousands digit of 9994578?
9
What is the millions digit of 45039015?
5
What is the hundred thousands digit of 100745821?
7
What is the ten millions digit of 431979031?
3
What is the millions digit of 414276110?
4
What is the ten millions digit of 41185052?
4
What is the billions digit of 1481541812?
1
What is the hundreds digit of 262396399?
3
What is the units digit of 569684829?
9
What is the hundred thousands digit of 208205335?
2
What is the thousands digit of 2535422082?
2
What is the hundred millions digit of 4734699698?
7
What is the hundred thousands digit of 2963345180?
3
What is the units digit of 48369374?
4
What is the ten thousands digit of 4649920490?
2
What is the units digit of 325008331?
1
What is the hundred thousands digit of 109198548?
1
What is the ten thousands digit of 2516736885?
3
What is the tens digit of 46741052?
5
What is the thousands digit of 15747938?
7
What is the tens digit of 59409504?
0
What is the ten thousands digit of 246009873?
0
What is the hundred thousands digit of 54922539?
9
What is the hundreds digit of 32751086?
0
What is the tens digit of 1735831660?
6
What is the hundreds digit of 605244046?
0
What is the hundred thousands digit of 5702302252?
3
What is the ten thousands digit of 8761035?
6
What is the hundred thousands digit of 1237254576?
2
What is the hundreds digit of 303603693?
6
What is the millions digit of 7503468?
7
What is the ten thousands digit of 364586368?
8
What is the hundred thousands digit of 11531200?
5
What is the ten thousands digit of 31386716?
8
What is the hundreds digit of 220870452?
4
What is the ten thousands digit of 2225095654?
9
What is the thousands digit of 208841042?
1
What is the units digit of 33066980?
0
What is the hundred thousands digit of 4885585152?
5
What is the hundred thousands digit of 1201641601?
6
What is the millions digit of 539243770?
9
What is the millions digit of 30948537?
0
What is the hundred millions digit of 3942459282?
9
What is the hundreds digit of 13987558?
5
What is the hundreds digit of 835582143?
1
What is the ten millions digit of 463386063?
6
What is the millions digit of 554480922?
4
What is the thousands digit of 89379693?
9
What is the hundreds digit of 26375837?
8
What is the thousands digit of 282063174?
3
What is the ten millions digit of 69343681?
6
What is the thousands digit of 50514969?
4
What is the hundreds digit of 80653185?
1
What is the ten millions digit of 44156008?
4
What is the units digit of 106608701?
1
What is the millions digit of 545656797?
5
What is the thousands digit of 523889694?
9
What is the tens digit of 9455530?
3
What is the ten millions digit of 136493201?
3
What is the tens digit of 1054079172?
7
What is the hundreds digit of 293576556?
5
What is the units digit of 63337116?
6
What is the hundred thousands digit of 1245358523?
3
What is the ten thousands digit of 5403061661?
6
What is the hundred thousands digit of 263514624?
5
What is the billions digit of 3388976303?
3
What is the ten millions digit of 1541264861?
4
What is the thousands digit of 63093735?
3
What is the hundred thousands digit of 576045227?
0
What is the units digit of 658244673?
3
What is the millions digit of 636003533?
6
What is the ten thousands digit of 70048521?
4
What is the units digit of 167693484?
4
What is the tens digit of 4641937787?
8
What is the thousands digit of 5981707162?
7
What is the millions digit of 234937653?
4
What is the ten millions digit of 59125528?
5
What is the hundreds digit of 1736204440?
4
What is the ten millions digit of 391688970?
9
What is the ten millions digit of 206900333?
0
What is the ten millions digit of 72479868?
7
What is the ten thousands digit of 1057641472?
4
What is the tens digit of 922033413?
1
What is the hundred millions digit of 719389940?
7
What is the millions digit of 5029537462?
9
What is the hundred millions digit of 107506334?
1
What is the thousands digit of 8601316092?
6
What is the tens digit of 148064949?
4
What is the thousands digit of 1669245187?
5
What is the hundreds digit of 2426838669?
6
What is the tens digit of 47879501?
0
What is the hundreds digit of 28987529?
5
What is the tens digit of 923890041?
4
What is the tens digit of 80328429?
2
What is the thousands digit of 192955518?
5
What is the units digit of 41315195?
5
What is the ten thousands digit of 382572126?
7
What is the hundred millions digit of 261130414?
2
What is the tens digit of 42299764?
6
What is the units digit of 17442282?
2
What is the hundreds digit of 711319197?
1
What is the ten thousands digit of 621808720?
0
What is the hundreds digit of 895924810?
8
What is the millions digit of 2948162?
2
What is the hundreds digit of 18357596?
5
What is the units digit of 217176599?
9
What is the millions digit of 37572049?
7
What is the hundred millions digit of 168622984?
1
What is the units digit of 39380441?
1
What is the hundred thousands digit of 62168669?
1
What is the tens digit of 4859890?
9
What is the thousands digit of 6408051434?
1
What is the ten millions digit of 152956224?
5
What is the ten thousands digit of 2063204063?
0
What is the hundred thousands digit of 82041984?
0
What is the ten thousands digit of 2525597890?
9
What is the hundreds digit of 159590299?
2
What is the hundred thousands digit of 2139121627?
1
What is the ten thousands digit of 804463486?
6
What is the hundred thousands digit of 2110354191?
3
What is the billions digit of 4982918737?
4
What is the ten millions digit of 69953483?
6
What is the units digit of 365915377?
7
What is the millions digit of 136054611?
6
What is the hundreds digit of 10081669?
6
What is the ten thousands digit of 636699947?
9
What is the units digit of 53421763?
3
What is the tens digit of 49332444?
4
What is the millions digit of 98736768?
8
What is the hundreds digit of 460675790?
7
What is the tens digit of 6298154?
5
What is the tens digit of 4422787?
8
What is the units digit of 718613282?
2
What is the millions digit of 76900043?
6
What is the hundred thousands digit of 377242384?
2
What is the millions digit of 2474484085?
4
What is the units digit of 275741512?
2
What is the ten thousands digit of 576241132?
4
What is the hundred thousands digit of 386240411?
2
What is the thousands digit of 3709141396?
1
What is the millions digit of 241542279?
1
What is the hundreds digit of 2364524475?
4
What is the tens digit of 9255996?
9
What is the ten millions digit of 712947821?
1
What is the hundreds digit of 220904709?
7
What is the tens digit of 8785152243?
4
What is the hundred millions digit of 853768104?
8
What is the hundreds digit of 12917105?
1
What is the hundred thousands digit of 1317086759?
0
What is the thousands digit of 12329782?
9
What is the ten millions digit of 752205593?
5
What is the units digit of 58577570?
0
What is the hundred thousands digit of 145976535?
9
What is the tens digit of 248115726?
2
What is the billions digit of 1402242239?
1
What is the ten thousands digit of 194936806?
3
What is the millions digit of 252347390?
2
What is the thousands digit of 8317535?
7
What is the units digit of 1577992126?
6
What is the hundreds digit of 12999822?
8
What is the tens digit of 4297398?
9
What is t